rime number?
False
Is 1206035 prime?
False
Is 15819 composite?
True
Is 394997 composite?
True
Is 10799 composite?
False
Is 29081 a composite number?
True
Is 16603 a composite number?
False
Is 11269 a prime number?
False
Is 46666 composite?
True
Is 12763 a prime number?
True
Is 72719 a prime number?
True
Is 4049 prime?
True
Is 108233 a prime number?
True
Is 8983 a prime number?
False
Is 51631 a composite number?
False
Is 5403 a composite number?
True
Is 54311 a prime number?
True
Is 194609 a composite number?
False
Is 43997 a prime number?
True
Is 27647 prime?
True
Is 41273 a composite number?
True
Is 247873 a composite number?
False
Is 285517 a composite number?
False
Is 701 composite?
False
Is 94181 a prime number?
False
Is 3433 composite?
False
Is 292069 a prime number?
True
Is 46555 a composite number?
True
Is 2537 a prime number?
False
Is 54941 a composite number?
False
Is 4330681 a composite number?
True
Is 1205 composite?
True
Is 129711 prime?
False
Is 179 a prime number?
True
Is 66167 composite?
True
Is 214751 prime?
False
Is 73171 a composite number?
True
Is 46009 composite?
True
Is 35603 a composite number?
False
Is 625909 composite?
False
Is 931511 a prime number?
False
Is 2337157 a composite number?
False
Is 1045273 a prime number?
True
Is 50035 a prime number?
False
Is 52627 a prime number?
True
Is 8509 a prime number?
False
Is 67453 a composite number?
False
Is 3463313 composite?
True
Is 8083 a composite number?
True
Is 32203 composite?
False
Is 174539 a composite number?
True
Is 1693 a prime number?
True
Is 28043 composite?
True
Is 4765 a composite number?
True
Is 124171 a composite number?
False
Is 12055 prime?
False
Is 11197 composite?
False
Is 350843 a prime number?
True
Is 31469 a prime number?
True
Is 58309 a composite number?
False
Is 662798 composite?
True
Is 80377 composite?
True
Is 16871 a composite number?
False
Is 131867 a composite number?
True
Is 17093 a prime number?
True
Is 421891 composite?
False
Is 107441 prime?
True
Is 5623 a prime number?
True
Is 104863 a composite number?
True
Is 927893 a composite number?
True
Is 294103 prime?
True
Is 2133455 composite?
True
Is 228314 prime?
False
Is 787289 prime?
True
Is 1637 composite?
False
Is 227581 composite?
False
Is 31883 a composite number?
False
Is 22343 prime?
True
Is 1728581 composite?
False
Is 37543 composite?
True
Is 53309 a prime number?
True
Is 17027 composite?
False
Is 211207 a prime number?
False
Is 14843 composite?
False
Is 99821 a prime number?
False
Is 70107 prime?
False
Is 517 a composite number?
True
Is 2609 a composite number?
False
Is 47491 composite?
False
Is 257 prime?
True
Is 8501 a prime number?
True
Is 86091 composite?
True
Is 3137 a composite number?
False
Is 185021 a composite number?
False
Is 52771 a prime number?
False
Is 8161 a prime number?
True
Is 877 a composite number?
False
Is 14837 a composite number?
True
Is 177101 composite?
False
Is 6455 a prime number?
False
Is 52157 a prime number?
False
Is 77057 prime?
False
Is 8057 a prime number?
False
Is 252643 prime?
False
Is 2047 a prime number?
False
Is 55969 composite?
True
Is 15959 prime?
True
Is 1031051 a composite number?
True
Is 149087 prime?
True
Is 1003 prime?
False
Is 113063 a prime number?
True
Is 112967 prime?
True
Is 11665 prime?
False
Is 118453 a composite number?
False
Is 2609 composite?
False
Is 66653 composite?
False
Is 38347 composite?
True
Is 31718 composite?
True
Is 109789 prime?
True
Is 638017 a composite number?
True
Is 2384647 composite?
False
Is 256199 a composite number?
False
Is 74411 a composite number?
False
Is 412409 composite?
True
Is 627061 composite?
True
Is 172849 a composite number?
False
Is 1039259 a prime number?
False
Is 147094 prime?
False
Is 623 composite?
True
Is 21849 a prime number?
False
Is 15779 a prime number?
False
Is 16871 composite?
False
Is 1277 prime?
True
Is 20879 composite?
False
Is 9307 prime?
False
Is 32245 a composite number?
True
Is 43822 prime?
False
Is 17513 a prime number?
False
Is 66211 prime?
False
Is 70255 a composite number?
True
Is 129887 composite?
False
Is 56393 prime?
True
Is 315631 prime?
True
Is 26141 prime?
True
Is 18931 a prime number?
False
Is 448067 a composite number?
False
Is 7621 a composite number?
False
Is 476915 a composite number?
True
Is 256093 a prime number?
True
Is 51173 prime?
False
Is 262387 composite?
False
Is 115961 a composite number?
True
Is 116393 composite?
True
Is 64709 a composite number?
False
Is 26947 composite?
False
Is 44953 a composite number?
False
Is 7067 prime?
False
Is 26539 a composite number?
False
Is 3437 prime?
False
Is 123763 prime?
False
Is 1050563 prime?
True
Is 101659 a composite number?
True
Is 98782 a composite number?
True
Is 7069 a prime number?
True
Is 3579 a prime number?
False
Is 460673 prime?
True
Is 14699 composite?
False
Is 37519 composite?
True
Is 450587 composite?
False
Is 52627 a prime number?
True
Is 229603 a prime number?
False
Is 8083 prime?
False
Is 39359 a prime number?
True
Is 16273 prime?
True
Is 108939 prime?
False
Is 135301 prime?
True
Is 3641 a composite number?
True
Is 3068189 a composite number?
False
Is 11303 composite?
True
Is 2885035 a composite number?
True
Is 80326 composite?
True
Is 71371 prime?
False
Is 6197 a prime number?
True
Is 724973 prime?
False
Is 99701 a composite number?
True
Is 442333 prime?
True
Is 1047647 a prime number?
True
Is 37763 a composite number?
True
Is 4253 a composite number?
False
Is 2325029 composite?
True
Is 14719 composite?
True
Is 35713 a composite number?
True
Is 52919 a composite number?
False
Is 17159 a composite number?
False
Is 16799 a composite number?
True
Is 10661 a prime number?
False
Is 32603 a prime number?
True
Is 14461 composite?
False
Is 320377 a prime number?
True
Is 277741 a prime number?
True
Is 2459 a composite number?
False
Is 1469827 composite?
True
Is 77417 prime?
True
Is 123569 a prime number?
False
Is 2078 a prime number?
False
Is 366323 prime?
False
Is 495182 composite?
True
Is 9773 a composite number?
True
Is 5383 prime?
False
Is 1157 composite?
True
Is 61169 prime?
True
Is 31877 a composite number?
True
Is 369389 prime?
False
Is 234781 a prime number?
True
Is 108763 a composite number?
True
Is 583309 prime?
False
Is 103301 prime?
False
Is 1558129 prime?
True
Is 107003 composite?
True
Is 61141 prime?
True
Is 9409 a composite number?
True
Is 2461 composite?
True
Is 5147 prime?
True
Is 147491 a prime number?
False
Is 163669 a prime number?
False
Is 901399 a composite number?
False
Is 6449 prime?
True
Is 1137629 a prime number?
True
Is 23137 a prime number?
False
Is 8561 prime?
False
Is 23369 a composite number?
False
Is 82457 prime?
True
Is 26449 composite?
False
Is 109727 composite?
True
Is 369919 a prime number?
False
Is 30409 prime?
False
Is 4409 prime?
True
Is 3017 prime?
False
Is 130081 prime?
False
Is 14957 a prime number?
True
Is 496789 a composite number?
False
Is 1973 a prime number?
True
Is 47327 composite?
True
Is 101429 a prime number?
True
Is 7349 prime?
True
Is 40253 a composite number?
False
Is 111001 a prime number?
False
Is 5213 prime?
False
Is 9271 prime?
False
Is 170399 a prime number?
False
Is 69191 a prime number?
True
Is 702682 a prime number?
False
Is 548107 composite?
True
Is 4897 a composite number?
True
Is 1973 composite?
False
Is 28837 a prime number?
True
Is 42095 composite?
True
Is 102911 a prime number?
True
Is 46807 a prime number?
True
Is 1382279 prime?
True
Is 170227 a prime number?
True
Is 567779 prime?
True
Is 129263 composite?
False
Is 1213 a composite number?
False
Is 51451 a prime number?
False
Is 69457 a prime number?
True
Is 3163 prime?
True
Is 670805 a prime number?
False
Is 141481 a composite number?
False
Is 2065597 a prime number?
True
Is 386 a prime number?
False
Is 12659 a prime number?
True
Is 31057 a prime number?
False
Is 3049 composite?
False
Is 77261 a composite number?
False
Is 29501 a prime number?
True
Is 105071 a prime number?
True
Is 95701 a composite number?
False
Is 21327 prime?
False
Is 325763 a composite number?
True
Is 29485 a composite number?
True
Is 263533 prime?
True
Is 23189 a composite number?
False
Is 13997 prime?
True
Is 11777 composite?
False
Is 221362 a prime number?
False
Is 188329 a prime number?
False
Is 9529 composite?
True
